{"id":132,"date":"2021-03-02T21:07:58","date_gmt":"2021-03-02T21:07:58","guid":{"rendered":"https:\/\/www.utn.edu.ec\/colegiouniversitario\/?page_id=132"},"modified":"2023-03-29T14:37:53","modified_gmt":"2023-03-29T14:37:53","slug":"principios-y-valores","status":"publish","type":"page","link":"https:\/\/colegio.utn.edu.ec\/index.php\/principios-y-valores\/","title":{"rendered":"Principios y Valores"},"content":{"rendered":"\n<p class=\"has-medium-font-size\">La comunidad educativa\ndel Colegio Universitario \u201cUTN\u201d, se rige por los siguientes principios y\nvalores: <\/p>\n\n\n\n<ul class=\"wp-block-list\"><li><strong>Libertad con responsabilidad:<\/strong> La creaci\u00f3n de un ambiente libre de tensiones e\nimposiciones, es una de las caracter\u00edsticas de identidad del colegio. La\nlibertad no significa anarquismo, ni libertinaje, sino independencia con\nresponsabilidad.<\/li><li><strong>Respeto a la personalidad del educando: <\/strong>El centro educativo respeta la evoluci\u00f3n\npsicosom\u00e1tica del educando, sus diferencias individuales como ser humano, su\nritmo y estilo de aprendizaje promoviendo el auto-aprendizaje.<\/li><li><strong>Democracia: <\/strong>El colegio se fundamenta en la participaci\u00f3n\ndemocr\u00e1tica de todos sus miembros, aspecto que se manifiesta en la gesti\u00f3n\nadministrativa, psicopedag\u00f3gica y afectiva.<\/li><li><strong>Aprender a aprender: <\/strong>El inter-aprendizaje es la herramienta que permite\ndesarrollar habilidades cognitivas, procedimentales y actitudinales,\nestimulando en los educandos la construcci\u00f3n de su propio aprendizaje.<\/li><li><strong>Solidaridad: <\/strong>La instituci\u00f3n se sustenta en el trabajo\ncolaborativo donde todos sus integrantes a trav\u00e9s de la empat\u00eda logremos la\nconsecuci\u00f3n de los prop\u00f3sitos esenciales de la educaci\u00f3n.<\/li><li><strong>Coeducaci\u00f3n:<\/strong> Promovemos la natural relaci\u00f3n de hombre y mujer,\ndonde prima el respeto, el conocimiento de s\u00ed mismo y del otro, como\nauto-aceptaci\u00f3n de g\u00e9nero.<\/li><li><strong>Habilidades productivas:<\/strong> El colegio reconoce el trabajo productivo como\nvalor importante en la convivencia social.<\/li><li><strong>Autorrealizaci\u00f3n:<\/strong> La instituci\u00f3n contribuye con el desarrollo\npersonal del educando, mediante la promoci\u00f3n de sus potencialidades\nintelectuales, afectivas, morales y f\u00edsicas.<\/li><li><strong>Humanismo: <\/strong>Nuestro centro educativo propicia, promueve y\ncontribuye a la formaci\u00f3n integral del ser humano, al conocimiento de la\npersona en s\u00ed mismo y la necesidad de vivir en sociedad.<\/li><li><strong>Ecologismo: <\/strong>Considera al ser humano como un integrante m\u00e1s del\ngran ecosistema del planeta tierra, que consciente de esta realidad, respeta,\ncuida, previene y protege a la naturaleza y sus recursos, promoviendo el\ndesarrollo sustentable.&nbsp; <\/li><li><strong>Compromiso Social: <\/strong>El colegio a trav\u00e9s de la educaci\u00f3n contribuye a implementar la\ndemocracia, libertad, justicia y el desarrollo socio-econ\u00f3mico donde nuestros\neducandos expresen orgullo de su cultura ancestral y a la vez participen en la\nintegraci\u00f3n de la sociedad aceptando sus procesos de cambio. <\/li><li><strong>Criticidad:\n<\/strong>Un ser cr\u00edtico, que\nsabe evaluar el porqu\u00e9 de las cosas y discernir entre lo que es cierto y errado\ncon honestidad y responsabilidad.<\/li><li><strong>Pluralismo:\n<\/strong>El pluralismo descubre la riqueza de la diversidad\nhumana, en consecuencia, una sociedad no puede existir sin la aceptaci\u00f3n de su\nheterogeneidad.<\/li><\/ul>\n","protected":false},"excerpt":{"rendered":"<p>La comunidad educativa del Colegio Universitario \u201cUTN\u201d, se rige por los siguientes principios y valores: Libertad con responsabilidad: La creaci\u00f3n de un ambiente libre de tensiones e imposiciones, es una de las<a class=\"moretag\" href=\"https:\/\/colegio.utn.edu.ec\/index.php\/principios-y-valores\/\">Read More&#8230;<\/a><\/p>\n","protected":false},"author":2,"featured_media":0,"parent":0,"menu_order":0,"comment_status":"closed","ping_status":"closed","template":"","meta":{"footnotes":""},"class_list":["post-132","page","type-page","status-publish","hentry"],"_links":{"self":[{"href":"https:\/\/colegio.utn.edu.ec\/index.php\/wp-json\/wp\/v2\/pages\/132","targetHints":{"allow":["GET"]}}],"collection":[{"href":"https:\/\/colegio.utn.edu.ec\/index.php\/wp-json\/wp\/v2\/pages"}],"about":[{"href":"https:\/\/colegio.utn.edu.ec\/index.php\/wp-json\/wp\/v2\/types\/page"}],"author":[{"embeddable":true,"href":"https:\/\/colegio.utn.edu.ec\/index.php\/wp-json\/wp\/v2\/users\/2"}],"replies":[{"embeddable":true,"href":"https:\/\/colegio.utn.edu.ec\/index.php\/wp-json\/wp\/v2\/comments?post=132"}],"version-history":[{"count":8,"href":"https:\/\/colegio.utn.edu.ec\/index.php\/wp-json\/wp\/v2\/pages\/132\/revisions"}],"predecessor-version":[{"id":1027,"href":"https:\/\/colegio.utn.edu.ec\/index.php\/wp-json\/wp\/v2\/pages\/132\/revisions\/1027"}],"wp:attachment":[{"href":"https:\/\/colegio.utn.edu.ec\/index.php\/wp-json\/wp\/v2\/media?parent=132"}],"curies":[{"name":"wp","href":"https:\/\/api.w.org\/{rel}","templated":true}]}}